is the tens digit of m(-7)?
6
Let v(r) be the first derivative of r**2 - 6*r - 1. Let b be v(4). Suppose -4*f + 38 = b*o, -o + 2 + 2 = -f. What is the units digit of o?
9
Suppose 3*r + 5*j = 13, -3*j = 5*r - 6*j + 35. What is the units digit of 165/6*r/(-5)?
2
Let f = 10 - -44. What is the tens digit of f?
5
Let t(h) be the third derivative of h**6/120 + h**4/24 + 3*h**2. Let f be t(1). Suppose 10 = -5*p, -f*l - 6*p + p + 26 = 0. What is the tens digit of l?
1
Suppose 0*a - 2916 = 3*a. What is the tens digit of a/(-28) - 6/(-21)?
3
Let t = -12 - -10. What is the tens digit of t/(-6) - 59/(-3)?
2
Let t be 6/27 - 76/18. Let p be (-1 + 0)*(2 + t). Suppose 0 = 2*l - 3*h - 15, -p*h = -0 + 2. What is the units digit of l?
6
Let j(r) = -r**2 - 10*r - 6. Let x = -21 + 47. Suppose -4*t = -5*z - 34, -4*z - x = -3*t + t. What is the units digit of j(z)?
8
Let d = 9 - 11. Let o(v) = -3*v**3 + 1. What is the units digit of o(d)?
5
Let j(x) = -4 + 0*x**2 - x - 8*x**2 + x**3 - 5*x. What is the units digit of j(9)?
3
Suppose -60 = 3*c - 6*c. Suppose 4*g - 16 - c = 0. What is the units digit of g?
9
Let v be 2/((-54)/(-50) + -1). Let z(r) = -2*r**2 + 22*r + 2. Let s be z(11). Suppose -s*l + v = 5. What is the units digit of l?
0
Suppose -2*h + 71 = -1. What is the tens digit of h?
3
Let c(a) be the first derivative of -a**3/3 - 3*a**2 + 3*a + 3. What is the units digit of c(-6)?
3
Let t(y) = 2*y**3 - 4*y**2 + 2*y + 1. Let u be t(2). Let l = -5 + u. Suppose -4*q - 11 - 9 = l, 4*h - 43 = -q. What is the units digit of h?
2
Suppose 4*c + 157 = 2*p - 13, -5*p - 3*c = -477. What is the tens digit of p?
9
Let o(i) = -2*i**3 - 4*i**2 - 2*i + 2. Let y be o(-2). Let q be 17/(-2) - 3/y. Let l = 16 + q. What is the units digit of l?
7
What is the tens digit of 3/9 + 1148/21?
5
Suppose 0 = 4*h - 2*h - 602. What is the units digit of h?
1
What is the units digit of 8/14 + 4915/35?
1
Let i(w) = -2 - 2*w - w**3 - 4*w**2 + 3*w + 2*w. What is the units digit of i(-5)?
8
Let d(v) = -v**2 - 38*v + 32. What is the units digit of d(-28)?
2
Let p(q) = -q. Let h be p(0). Let m = h + 2. Let a = m - 1. What is the units digit of a?
1
Let z be 2/(-4)*(-6 - 0). Let o = -9 + 14. Suppose -m + 9 = 2*m - z*t, -t = -o*m + 11. What is the units digit of m?
2
Let o(l) = -l**2 + 8*l - 5. Let w be o(6). What is the units digit of 86/w - (-4)/(-14)?
2
What is the tens digit of (-4)/10 + (-936)/(-40)?
2
Let d = -5 + 5. Suppose -2*a + 5*b + 58 = 3*b, d = -3*a + 5*b + 89. What is the tens digit of a?
2
Suppose -69 = -5*b + 51. What is the tens digit of b?
2
Let s = 0 + -1. Suppose 12 = -3*q - 0. What is the units digit of ((-3)/q)/(s/(-8))?
6
Let l(c) = 12*c**2 + 5*c - 16. What is the hundreds digit of l(4)?
1
Let s = -19 - -21. Suppose 0 = -s*r + 32 + 20. What is the units digit of r?
6
Let r = 12 + 19. What is the tens digit of r?
3
Suppose 1221 - 111 = -5*v. What is the units digit of 20/70 + v/(-7)?
2
Let s(p) = 2*p**3 - 3*p**2 - 3*p - 4. What is the units digit of s(3)?
4
Let v be -1*4*27/(-2). Suppose 8*j = 5*j + v. What is the units digit of j?
8
Suppose -5*a = 4*s - 3*s - 310, a - 56 = s. What is the tens digit of a?
6
Let i(u) = u**2 - 1. Let w be i(3). What is the units digit of ((-42)/w)/(10/(-40))?
1
Let i be (-183)/(-9) - 4/(-6). Suppose -5*o - 2 = -2*j + 9, -5*o + i = 2*j. What is the units digit of j?
8
Let q be (-2 + (-6)/(-3))*-1. Suppose q = 2*b - v - 15, 2*v = -3*b + 8 + 4. What is the units digit of b?
6
Let w(m) = 37*m - 22. What is the tens digit of w(7)?
3
Suppose 3*b - 5*y - 250 = -0*y, -3*b - 5*y = -230. What is the units digit of b?
0
Let a = -5 - 1. Suppose -3*q - 23 = 22. Let z = a - q. What is the units digit of z?
9
Let t(o) = -o**2 - 16*o + 7. What is the units digit of t(-8)?
1
Let w be (-56)/(-20) + (-2)/(-10). Suppose -w = n - 10. Let x = n - -9. What is the tens digit of x?
1
Suppose 0 = -x + 2*x - 105. Suppose k - 3 = 0, 5*v - x = 4*k - 9*k. What is the units digit of v?
8
Let o = 29 - 21. Suppose 2*z = -0*z + o. What is the units digit of z?
4
Suppose 114 = y - 61. What is the units digit of y?
5
Let y = 139 + -71. What is the tens digit of y?
6
Let o(q) = 4*q. Let s be o(1). Suppose -s*z = -0*z - 56. What is the units digit of z?
4
Let w(l) = -l**3 + 15*l**2 + 18*l - 7. What is the tens digit of w(16)?
2
Let d be 9*(1 - (-2 - -4)). Let i = d + 15. What is the units digit of i?
6
Let z = -4 - 3. Let o be (-9)/7 + (-2)/z. Let m = 4 + o. What is the units digit of m?
3
Suppose -4*i - 2*b = 212, -7*i + b = -2*i + 279. Let x = i + 88. What is the tens digit of x?
3
What is the units digit of 4/(-26) + (-2229)/(-39)?
7
Let m = 1 - -2. Suppose 0*f = -m*f. Suppose h - 2 - 14 = f. What is the tens digit of h?
1
Let a = 34 + -19. Suppose 15 = k - z - a, 5*k + 3*z - 134 = 0. What is the tens digit of k?
2
Let x = 169 + -87. Suppose 0 = 4*j + 3*v + v - 108, -x = -3*j - 4*v. Suppose -52 = -4*m - 3*h, -3*h - h = 2*m - j. What is the units digit of m?
3
Let b(x) = -x**3 + 2*x + 1. Let l(w) = w - 7. Let d be l(6). Let f be b(d). Let h(n) = -n**3 + n**2 - n + 2. What is the units digit of h(f)?
2
Suppose 4*a + 4*f - 420 = -a, 5*f + 25 = 0. What is the tens digit of a?
8
Suppose u = 5*g + 2, -3*g + 14 = -3*u + 2*g. Let q(m) = -6*m - 17. What is the tens digit of q(u)?
3
Suppose -3*d = -2*d - 22. What is the tens digit of d?
2
Let f(t) = -2*t + 20. Suppose 2*i = 2 + 4, -3*i - 9 = -2*p. What is the units digit of f(p)?
2
What is the units digit of 4708/11 + (1 - -1)?
0
What is the units digit of 5253/34*(-5)/((-30)/4)?
3
Let y(w) = 0 + 1 + 8*w**2 - 2*w**2. Suppose -3*f = -1 + 4. What is the units digit of y(f)?
7
Let r(z) be the third derivative of -z**5/60 - 3*z**4/8 - z**3 + z**2. What is the tens digit of r(-6)?
1
Suppose -3*i = 2*i. Let q = 0 + -1. What is the tens digit of q*((i - 1) + -9)?
1
Suppose 0 = -6*i + 9*i + 39. Let v = 16 + i. What is the units digit of v?
3
Let l(u) = -2*u + 2. Let m be l(11). Let y be ((-88)/m)/(1/5). Suppose 4*z + 10 = y. What is the units digit of z?
3
Suppose -3*c - 9 = -0*c. Let y = c - -2. What is the units digit of y/((-8)/(-10) + -1)?
5
Let x = 48 - -193. What is the tens digit of x?
4
Let k = -18 - -32. Suppose -3*x = 4*u, 5*x - 15 = 3*u + k. Suppose x*m + 12 - 44 = 0. What is the units digit of m?
8
Suppose -3*m + 24 = -7*m + 4*q, -4*q = -m - 18. What is the tens digit of (-10)/5*31/m?
3
Suppose 0*s = -3*s + 12. Suppose 0 = -a + c + 1 + 3, -s*a + 3*c = -15. What is the units digit of 0 + a/1 + -1?
2
Let l be (-25)/(-30)*(4 - -2). Suppose k + 0*k + 68 = 4*j, 56 = 2*j + l*k. What is the tens digit of j?
1
Suppose -4*f = -4*s - 72, -2*f = -0*s + 4*s - 36. What is the tens digit of f?
1
Let b(w) = -w**2 - 5*w - 1. Let d be b(-4). Suppose a - 52 = -d*a. What is the tens digit of a?
1
Suppose -22 = m + m - 5*c, 5*m + 34 = 2*c. Let q = m - -15. What is the units digit of q?
9
Let z = -2 + 0. Let n be (-9 - (-1 - z))/1. Let k(d) = d**2 + 8*d - 3. What is the units digit of k(n)?
7
Let m be -2 + 1 - (8 - 11). Suppose 0 = m*n - 7*n + 170. What is the units digit of n?
4
Let g = 0 + 3. Suppose -5*w - y + 68 = 0, -g*y + 8*y = -2*w + 41. What is the tens digit of w?
1
Suppose -4*t = 5*c + 2 - 6, 5*c = -3*t - 2. What is the units digit of 1/1 + 114/t?
0
Let i(f) = 2*f**2 + 9*f + 10. What is the units digit of i(-5)?
5
Let m(x) = -6*x + 10 + 4*x**2 + 7*x**2 - 3*x**2 - x**3. What is the tens digit of m(7)?
1
Suppose -3*z + 5*i - 16 = -0*z, i = 5. Let g = 1 - 1. Suppose g = -2*o - z + 13. What is the units digit of o?
5
Let k be (21/9)/(1/3). Suppose k*d - 192 = d. What is the units digit of d?
2
Let s = -34 - -71. What is the units digit of s?
7
Let y = 19 - 7. What is the tens digit of y?
1
Let r(j) = -j + 2. Let v be r(-3). Suppose -h = v*u - 17, 19 = 2*h + 3*u + 2*u. What is the units digit of h?
2
Suppose -5*x + 62 + 38 = 0. Suppose 3*y - 28 = -3*t + x, -3*y - 5*t = -40. What is the units digit of y?
0
Suppose -3*f = -f - 4. Let i be 2/4 - (-1)/f. Suppose 0 = 2*q - 5*l + 8, -3*l + 5 = -i. What is the units digit of q?
1
Let n be -1 + (-3)/((-9)/12). Suppose -n = 3*k - 4*k. What is the units digit of k?
3
Suppose 5*z = 2*o + 6*z - 242, 0 = -4*o + 5*z + 498. What is the hundreds digit of o?
1
What is the tens digit of (268/(-4 - -6))/2?
6
Suppose -